 9*g**3 + 3*g**2 + 2*g - 1. Let r(q) = -q**3 - q**2. Let v(x) = -p(x) - 5*r(x). Suppose 0 = 2*n + n - 3. Calculate v(n).
-3
Let h(o) be the first derivative of -2 - 2*o**3 + 0*o + 4 + o. Let d(u) = 2*u**2 - u. Let g be d(1). Give h(g).
-5
Suppose -4*s + 5 = -3. Let q be (-24)/(-2)*s/(-4). Let p be 2/(q/1)*-12. Let l(u) = u - 4. Give l(p).
0
Let y(j) be the second derivative of -j**3/6 - j. Give y(-1).
1
Let i(h) be the third derivative of 0 - 1/120*h**6 + 1/20*h**5 + 1/4*h**4 + 0*h - 5*h**2 - 5/6*h**3. What is i(4)?
3
Let t = -5 - -6. Let p = 3 - t. Let q(x) = 2*x**2 + x. Let i(h) = h**2. Let a(m) = -3*i(m) + 2*q(m). Give a(p).
8
Let s(y) = y**3 - 5*y**2 - 3*y + 4. Suppose 2*j - 1 = -3*w, -2*w = 3*j + 3 + 3. Suppose -w = 3*u - 18. Determine s(u).
-11
Let p(r) = -1 + 2*r - 5*r**2 - 7*r**2 + 4*r**2. Let o = 1 + 0. Determine p(o).
-7
Let n(g) = -g**2 - 2*g + 2. Let y be (-16)/(-10) - (-24)/60. Calculate n(y).
-6
Let y(g) = 2 + 3*g - 3*g + 0*g - 2*g. Let m be 1/((-1)/(-6)*2). Calculate y(m).
-4
Let i(j) = j - 3*j**2 - 5*j**3 + j**2 + 2*j**3 + 3*j**2 + 1. Suppose 2*d + 3*d + 5 = 0. Calculate i(d).
4
Let d be (2/(-8))/(3/(-12)). Let j(t) = 2*t. What is j(d)?
2
Let q be ((-2)/2)/((-10)/(-10)). Let x(g) = 8*g - 1. Determine x(q).
-9
Let i(y) = y**2 - 6*y + 1. Let k be i(5). Let b(w) = -w**2 - 3*w + 3. Let v be b(k). Let c(p) = -9*p**2 + p + 1. Calculate c(v).
-9
Suppose -5*a + 4*k = -47, -3*a = -0*a - 3*k - 30. Let c = a - 6. Let f(s) = s**3 - s**2 - s. Calculate f(c).
-1
Let s(m) = -m + 3. Let z be s(-3). Suppose -11*u + 10 = -z*u. Suppose -u*t - 3 + 2 = -3*h, -2 = -h + t. Let a(c) = 2*c + 1. What is a(h)?
-5
Let n(t) be the third derivative of 1/120*t**6 + 4/3*t**3 + 0*t**5 + 0*t + 1/24*t**4 + 0 + 2*t**2. Determine n(0).
8
Let i(q) = q. Let t(p) = p + 3. Let m(g) = -3*i(g) + t(g). Determine m(3).
-3
Let r(c) = 5*c. Let s(v) = 6*v. Let t(o) = -5*r(o) + 4*s(o). Determine t(-4).
4
Let l(x) = -6*x**3 + 0 - 5*x + 6*x - 1. Suppose 5*s = 2*w + 13, -4*w + 4*s = 5 + 3. Calculate l(w).
-6
Let b = 311 + -311. Let r(z) = 2*z + 2*z**2 - z**3 - 11 - 3*z**2 - 3*z. What is r(b)?
-11
Suppose -11 = 4*j + 2*b + 17, 43 = -3*j + 4*b. Let f(y) = y**3 + 9*y**2 - y - 11. What is f(j)?
-2
Let k(j) = -2 - 20*j**2 - 5 + j - 6 + 12. Determine k(1).
-20
Suppose 2*s - 32 = -4*b, -2*b + 12 = s + 2*s. Let j(p) = -p**3 + 9*p**2 - 2*p + 10. Calculate j(b).
-8
Let m = -4 + 1. Let j(q) = q + 3. Let i be j(m). Let b(d) = 0 - 2 + 3 + d**2. Determine b(i).
1
Suppose 9 = -4*p - 5*u - 10, 0 = 4*p + 4*u + 24. Let h = -3 - p. Let l(x) = -x**3 + 7*x**2 + 6*x + 10. Calculate l(h).
-6
Let u(h) be the third derivative of h**8/5040 + h**5/20 - 4*h**2. Let y(b) be the third derivative of u(b). Let i be (1 - (0 - -2)) + 0. Calculate y(i).
4
Suppose v = 53 + 15. Suppose 2*o + v = 6*o. Suppose o = -5*z - 8. Let l(b) = b**2 + 4*b - 5. Calculate l(z).
0
Let k(u) = u + 1. Suppose 3*r - 8*r = 20, 2*w + 22 = -5*r. Give k(w).
0
Let i(o) = -5*o**3 + 16*o - 19. Suppose -3*l + 8 = l. Let t(r) = -r**3 + 3*r - 4. Let h(a) = l*i(a) - 11*t(a). What is h(0)?
6
Let r be (-8 + 7)/(1/(-6)). Let c(s) = s. Let h(n) = -5*n. Let g(u) = r*c(u) + h(u). Give g(4).
4
Let g(z) = z**2 + z - 2. Let y(a) = 3*a**3 - a + 1. Suppose 3*r - 3 = -0. Let h be y(r). Suppose 2*d = 3*d + h. Determine g(d).
4
Let f(p) be the third derivative of -1/3*p**3 - 1/24*p**4 + 0 - 2*p**2 + 0*p. What is f(0)?
-2
Let w(x) = -2 + 171*x - 85*x - 81*x. Give w(4).
18
Let j(u) = 22*u**2 + 7*u + 2. Let t(o) = 26*o**2 + 8*o + 2. Let f(c) = -6*j(c) + 5*t(c). Suppose 0 = -3*r - 2*h - 2, h = 5*r - 0 + 12. What is f(r)?
-6
Let f(j) = -j**3 - 2*j**2 + j - 1. Let t = 32 + -22. Let v = 7 - t. What is f(v)?
5
Suppose 0 = 3*o - 64 - 20. Let q = o - 22. Let x(g) = -2*g + 9. Give x(q).
-3
Let o(x) = 9*x - 2. Let z be 9/4 - (28/(-16) - -2). What is o(z)?
16
Let f(t) = -7*t**3 + 2*t**2 - 4*t - 6. Let b(h) = -13*h**3 + 3*h**2 - 8*h - 11. Let n(g) = 6*b(g) - 11*f(g). Calculate n(-3).
3
Suppose 3*b - 4*d - 13 = -0*d, -5*b = -3*d - 18. Let j(x) be the second derivative of 4*x + 1/20*x**5 - 5/2*x**2 - 1/12*x**4 - 1/6*x**b + 0. Give j(0).
-5
Let t(s) = -s**2 - 4. Let h(f) = 11 - 4 + 2*f**2 + f + 0*f. Let u(x) = 3*h(x) + 5*t(x). Let w(v) = v**3 - 6*v**2 - v + 3. Let b be w(6). Calculate u(b).
1
Let r(l) = 2*l**2 - 12*l + 17. Let q be r(2). Suppose 3*b - 20 = -2*b. Let t(c) = -4*c - c**2 + b*c. Calculate t(q).
-1
Let l(p) be the third derivative of -p**5/60 + p**4/3 + 2*p**3/3 + 8*p**2. Determine l(8).
4
Let j(k) = -k**3 - k**2 - 4*k + 6. Let x(p) = -p**3 - p**2 - 5*p + 7. Let z(v) = 6*j(v) - 5*x(v). What is z(-1)?
0
Let n(g) be the third derivative of g**9/60480 + g**8/3360 - g**6/120 - g**5/10 + 5*g**2. Let w(r) be the third derivative of n(r). Give w(-6).
-6
Let a(o) = -5 - 15 + 11 - 2*o. Calculate a(-7).
5
Let o be (8/(-6))/((-1)/3). Let t(a) be the third derivative of a**5/60 - a**4/8 - a**3/6 + 2*a**2. Determine t(o).
3
Let m(s) = -3*s - 1. Suppose 0 = 5*y - 0*y - 20. Suppose y*h = -h - 25. Let o(f) = -f - 4. Let i be o(h). Give m(i).
-4
Suppose -3*j + 4*j - 1 = f, -4*f + 3*j = 1. Let n(a) = f - 3*a + 0 + 2*a. Give n(-3).
5
Suppose x - 1 - 1 = 0. Let u(i) = -i**2 - 5*i**2 - 1 + x*i**2. Let p be (3/12)/((-1)/(-4)). Determine u(p).
-5
Let r be (-2)/((20/(-6))/5). Let w(k) = -2 + 4 + r*k + 4 + 1. Calculate w(-5).
-8
Let u(d) = -1 + 28*d - 27*d - 2. Calculate u(8).
5
Suppose -a + 2*z = -6, 5*z - 2 - 4 = a. Suppose 2*v = 3*t + a, 3*v - 18 = 2*t + t. Let m(r) = r + 4. What is m(t)?
2
Let l(h) = -h**2 - 7*h + 11. Let z(c) = -c + 1. Let a(j) = -l(j) + 6*z(j). Let i(b) = b**2 + 3*b. Let k be i(-3). Give a(k).
-5
Let u(o) = 6*o**3 + o. Let q be (9 - 7)/(-3 + 1). Give u(q).
-7
Suppose 4*x - 3*o - 2 = 16, 4*o = x - 11. Suppose -a = -x - 2. Let t(p) = p**3 - 6*p**2 + 4*p + 5. Calculate t(a).
0
Suppose 0 = 5*y - 2*w - 13, y - 3*w = -4*y + 12. Let m(c) = -4*c**3 - 2 + c**y - 2*c**2 + 2*c**3 - 2*c**2. Determine m(-4).
-2
Let t(s) = -s**2 + 5*s + 3. Suppose 0 = -14*d - d + 75. What is t(d)?
3
Let s(k) = -5*k**2 + k - 1. Suppose -3*f - 15 = -3. Let v(o) = -o**2 - o + 1. Let m(c) = f*v(c) + s(c). Determine m(5).
-5
Suppose -6 = 9*l - 11*l. Let f(w) = w**2 - 6*w + 4. Give f(l).
-5
Let u = -6 + 13. Let c(b) = -2*b - 1. Determine c(u).
-15
Let h(b) = b + 1. Let k = 3 - 3. Suppose 4*a + x = -k*a - 26, 0 = 4*x + 8. Let o be -2 + (a/3 - -8). What is h(o)?
5
Suppose 3*l = -2*u + 19, l = -5*u + 4*l - 5. Let v be 3 - (-1 - -2)*u. Let b(s) be the third derivative of s**6/120 - s**4/24 + s**3/6 - s**2. Calculate b(v).
1
Let a(p) = p**3 + 2*p**2 + 2*p + 2. Let l be a(0). Let y(z) be the third derivative of -1/6*z**3 + 0 + 0*z - 1/8*z**4 - 2*z**l. Give y(2).
-7
Let t(y) = y - 6. Let r(b) = 2*b - 13. Let j(c) = 6*r(c) - 13*t(c). Let u(k) = -4*k + 3. Let p(q) = 2*j(q) - u(q). Suppose 0 = -l - l + 4. Give p(l).
1
Let i(f) = -f**2 - 6*f - 9. Let n(c) = 2*c**2 + 12*c + 18. Let j(v) = 7*i(v) + 3*n(v). Determine j(-6).
-9
Let t(b) = b**2 - b - 1. Let d(m) = m**2 + 6. Let g be (3 - -1) + -2 + -2. Let s be d(g). Let u be s*(-2 + (-10)/(-6)). What is t(u)?
5
Let y(u) = u**3 + 6*u**2 + 3*u - 6. Let b(t) = t**2 - 2*t - 5. Let f be b(0). Determine y(f).
4
Let o(j) = 1. Let c(z) = -13*z**2 - 21*z + 27. Let h(l) = c(l) + 6*o(l). Let w(x) = -3*x**2 - 5*x + 8. Let r = 2 + 7. Let q(a) = r*w(a) - 2*h(a). Give q(-5).
-4
Suppose -c = -0*c. Let t(m) = -3*m + 5. Let b(p) = -13*p + 21. Suppose 2*v - v + 4*j + 10 = 0, -2*v + 19 = -5*j. Let l(i) = v*b(i) - 9*t(i). Determine l(c).
-3
Let x(r) = -3*r - 1. Suppose 4*y + 4*w + 28 = 0, -7*w + 19 = -4*y - 2*w. Let q be 14/6 - y/9. Suppose -5*b + 3*h = 18, 3*b = -0*b + q*h - 12. Give x(b).
8
Let d be (-3)/9 + 32/6. Suppose 5*y + 9 = d*u - u, -u + 5*y = -6. Let h(k) = -2*k**2 + 1 - k**2 + 0*k**2. Give h(u).
-2
Let h = 11 - 7. Suppose 0 = 5*f - 3 - 12. Let s(b) = -4*b**f - 2*b**3 + 0*b**2 + 3*b**2 + 5*b**3 + 5*b + 2. What is s(h)?
6
Let x be 4/((1 - -2) + 0 + -1). Let l(q) be the first derivative of -1/3*q**3 + x - 6*q + 5/2*q**2. Determine l(5).
-6
Let o(s) = s**2 - 5 + 2*s + s**2 - 6*s**2 + s**3. Let m(z) be the third derivative of z**5/60 + 2*z**3/3 + 2*z**2. Let n be m(0). Give o(n).
3
Let n(j) be the first derivative of -15*j**2/2 - 85*j + 4. Let m(x) = -x - 6. Let f(s) = 85*m(